 = -k**3 + 44*k**2 - 80*k - 175. Calculate c(42).
-7
Let p(z) = 180*z + 7722. Calculate p(-43).
-18
Let c(h) = h**3 - 10*h**2 - 14*h + 26. Give c(11).
-7
Let y(m) = -5*m**2 + 1137*m + 4151. Give y(231).
-7
Let q(p) = 14*p + 511. What is q(-38)?
-21
Let u(s) = 157*s**2 + 64*s. Give u(1).
221
Let d(u) = u**3 - 21*u**2 - 18*u + 564. Determine d(20).
-196
Let w(z) = z**3 - 14*z**2 + 31*z - 25. Determine w(12).
59
Let t(c) = c**3 - 6*c**2 + 30*c + 119. What is t(10)?
819
Let r(v) = -4299*v + 25789. Determine r(6).
-5
Let w(l) = -l**2 - 103*l - 2303. What is w(-33)?
7
Let u(p) = -2*p**2 - 912*p - 16603. Determine u(-19).
3
Let w(g) = -g**2 + 107*g - 2685. Calculate w(61).
121
Let x(j) = j**3 - 38*j**2 - 41*j + 32. Give x(39).
-46
Let l(c) = 3*c**2 + 137*c - 444. Give l(3).
-6
Let s(d) = -2*d**3 + 84*d**2 - 751*d - 116. Give s(29).
-29
Let u(y) = -y**3 - 10*y**2 + 56*y + 580. Calculate u(-9).
-5
Let j(s) = -8058*s + 64461. Give j(8).
-3
Let q(r) = -r**2 + 1273*r - 10143. What is q(8)?
-23
Let w(y) = -y**2 - 12*y - 13. Give w(-9).
14
Let h(y) = 113*y - 797. Determine h(6).
-119
Let p(h) = -598*h + 614. Determine p(1).
16
Let f(a) = a**3 - 21*a**2 - 3*a + 39. Give f(0).
39
Let t(q) = 14*q - 460. What is t(33)?
2
Let x(s) = 25*s - 270. What is x(13)?
55
Let l(h) = -40*h**2 + 8*h - 7. Determine l(2).
-151
Let f(a) = 337*a + 23587. What is f(-70)?
-3
Let z(k) = 130*k + 31. Determine z(-4).
-489
Let x(u) = 7*u + 259. Calculate x(-26).
77
Let f(h) = 2*h**2 + 3*h - 42. What is f(-7)?
35
Let j(w) = -111*w + 433. Calculate j(4).
-11
Let c(m) = -6*m**2 - 6*m - 101. What is c(-6)?
-281
Let j(u) = -20*u - 263. Calculate j(-14).
17
Let j(d) = -994*d**2 + 32803*d - 31. What is j(33)?
2
Let g(r) = r**3 - 23*r**2 + 63*r - 49. What is g(20)?
11
Let w(r) = r**3 + 9*r**2 + 25*r + 248. Give w(-9).
23
Let t(o) = -383*o**2 - 1156*o - 10. Calculate t(-3).
11
Let m(a) = -15*a**3 - 8*a**2 + 11*a + 6. Determine m(-2).
72
Let l(r) = -r**3 + 22*r**2 - 5*r - 693. Give l(20).
7
Let l(u) = 3*u**2 - 26*u - 151. Calculate l(-5).
54
Let p(n) = -n**3 + 12*n**2 + 31*n - 5. Calculate p(14).
37
Let u(r) = -r**2 + 12*r + 42. What is u(8)?
74
Let h(x) = -x**3 - 261*x**2 - 770*x + 1033. Calculate h(-258).
1
Let k(j) = 2*j**2 + 49*j + 101. Determine k(-21).
-46
Let k(l) = -2*l**2 + 171*l + 2118. Give k(-11).
-5
Let u(z) = z**2 - 99*z - 1888. Give u(-17).
84
Let h(u) = -u**3 - 8*u**2 - 7*u + 37. What is h(-9)?
181
Let y(v) = -8*v + 481. What is y(24)?
289
Let b(g) = g**3 + 17*g**2 - 40*g - 377. What is b(-18)?
19
Let o(f) = 50*f - 550. Give o(11).
0
Let b(k) = -325*k + 1584. Calculate b(5).
-41
Let u(i) = 5*i**2 - 4*i - 367. Calculate u(10).
93
Let s(q) = -5116*q - 138132. Determine s(-27).
0
Let u(x) = -32*x + 120. Calculate u(3).
24
Let w(h) = -h**3 + 37*h**2 - 23*h - 196. Calculate w(36).
272
Let p(n) = n**2 - 30*n - 31. Determine p(30).
-31
Let k(z) = -z**3 + 167*z**2 - 157*z - 1469. Calculate k(166).
25
Let h(x) = 56*x - 388. What is h(7)?
4
Let k(c) = c**3 + 6*c**2 - 8*c - 2. Give k(-7).
5
Let n(a) = 2*a**3 + 20*a**2 + 29*a - 4. Calculate n(-5).
101
Let v(c) = 10*c**2 - 4*c + 15. Calculate v(3).
93
Let p(a) = -117*a + 695. What is p(7)?
-124
Let v(l) = -l**3 - 21*l**2 - 88*l - 122. Determine v(-16).
6
Let h(a) = a**2 + 84*a + 622. What is h(-66)?
-566
Let p(d) = 96*d - 2021. What is p(21)?
-5
Let m(d) = -8*d**3 - 22*d**2 - 13*d - 58. Determine m(-3).
-1
Let j(i) = 8*i**3 - i**2 + 13*i - 12. Determine j(1).
8
Let m(n) = -607*n + 4884. Determine m(8).
28
Let f(t) = -3*t**3 - 16*t**2 + 28*t + 92. Give f(-6).
-4
Let n(o) = -2*o**2 - 305*o + 2085. Calculate n(-159).
18
Let h(f) = f**3 + 24*f**2 - 101*f + 337. What is h(-28)?
29
Let v(p) = -3*p**2 + 4*p + 11. Give v(-1).
4
Let v(w) = w**2 + 248*w + 998. Give v(-4).
22
Let w(p) = 2*p**3 + 2*p**2 - 41*p + 13. Calculate w(5).
108
Let k(x) = 174*x + 2387. Give k(-14).
-49
Let j(o) = 911*o - 17302. Calculate j(19).
7
Let b(h) = 4*h**3 - 18*h**2 + 42*h - 192. Calculate b(5).
68
Let h(u) = -2*u**2 - 299*u + 908. Calculate h(3).
-7
Let s(k) = -10*k + 96. Calculate s(-9).
186
Let g(w) = 6*w**3 + 113*w**2 - 43*w - 415. What is g(-19)?
41
Let d(y) = 1384*y - 1372. Give d(1).
12
Let v(g) = -2*g**3 + 34*g**2 + 110*g - 1328. Calculate v(18).
4
Let w(h) = -197*h - 756. Determine w(-4).
32
Let j(s) = -2*s**3 - 52*s**2 - 49*s + 36. Give j(-25).
11
Let p(i) = i**3 - 126*i**2 - 139*i + 1548. Determine p(127).
24
Let m(f) = -4*f**3 - 142*f**2 - 661*f - 27. Determine m(-30).
3
Let p(n) = -3*n**2 - 16*n + 245. Determine p(-12).
5
Let n(v) = 652*v + 5165. What is n(-8)?
-51
Let g(y) = y**3 - 21*y**2 + 108*y - 12. What is g(13)?
40
Let y(k) = -121*k + 808. Calculate y(7).
-39
Let s(g) = 452*g - 3961. Determine s(9).
107
Let c(a) = -2*a**3 + 11*a**2 + 37*a - 183. Give c(6).
3
Let u(g) = -121*g + 2707. Determine u(22).
45
Let m(f) = f**3 - 4*f**2 - 10*f - 7. What is m(-4)?
-95
Let g(c) = -175*c + 2618. Determine g(15).
-7
Let g(l) = 9*l**3 - 8*l**2 + 9*l - 1. What is g(1)?
9
Let g(p) = -1016*p - 23357. Determine g(-23).
11
Let j(l) = -l**3 + 30*l**2 - 126*l + 86. Give j(25).
61
Let f(p) = 145*p - 1207. What is f(8)?
-47
Let m(z) = -2*z**3 - 15*z**2 - 14*z + 4. Determine m(-6).
-20
Let v(x) = -3*x**2 - 64*x - 296. Give v(-6).
-20
Let o(k) = 2*k**3 + 7*k**2 - 27*k - 53. What is o(-5)?
7
Let k(g) = 2*g**2 - 98*g + 586. Determine k(42).
-2
Let o(y) = -71*y + 291. Determine o(13).
-632
Let y(k) = -124*k - 41296. What is y(-333)?
-4
Let m(q) = 22*q - 1014. Determine m(45).
-24
Let j(s) = -s**2 + 10*s + 1078. Calculate j(38).
14
Let c(t) = t**3 - 149*t**2 - 2*t + 291. Give c(149).
-7
Let j(u) = u**3 - 4*u**2 - 619*u + 41. What is j(-23)?
-5
Let z(u) = 37*u**2 - 220*u + 6. Calculate z(6).
18
Let f(p) = -p**2 + 16*p + 26. What is f(15)?
41
Let s(q) = -q**3 + 9*q**2 - 52*q + 160. Determine s(5).
0
Let k(s) = 83*s - 1735. Give k(21).
8
Let z(c) = -14*c**2 - 2574*c - 2194. Give z(-183).
2
Let q(c) = 2*c**3 - 141*c**2 - 77*c + 528. Calculate q(71).
102
Let o(a) = -46*a - 2216. What is o(-48)?
-8
Let l(d) = -49*d + 2760. Determine l(55).
65
Let k(w) = -3*w**2 + 78*w + 809. Give k(34).
-7
Let f(r) = -r**3 - 7*r**2 - 14*r - 45. Give f(-11).
593
Let x(f) = -2*f**3 + 58*f**2 - 245*f + 23. Determine x(5).
-2
Let m(b) = -353*b + 2475. Give m(7).
4
Let a(t) = -3*t**2 - 68*t - 384. Give a(-11).
1
Let m(w) = 172*w - 7922. Determine m(46).
-10
Let o(x) = -2*x**3 - 23*x**2 - 46*x + 44. Calculate o(-8).
-36
Let k(b) = -25*b + 6. What is k(5)?
-119
Let g(p) = -73*p - 268. Determine g(-10).
462
Let z(j) = -j**3 - 84*j**2 - 1509*j - 53. What is z(-58)?
5
Let k(j) = 18*j**2 - 24*j - 73. What is k(-3)?
161
Let o(s) = -4*s**3 - 32*s**2 - 2*s - 11. Calculate o(-8).
5
Let c(q) = -21*q - 99. Determine c(-4).
-15
Let x(s) = 3*s**2 + 6*s + 85. Give x(-5).
130
Let m(k) = -k**2 + 160*k + 1004. What is m(-6)?
8
Let g(x) = 15*x**2 + 177*x - 1983. What is g(7)?
-9
Let r(u) = -277*u - 4430. Calculate r(-16).
2
Let s(z) = z**3 + 25*z**2 + 37. Give s(-23).
1095
Let p(z) = z**3 - 12*z**2 - 29*z + 92. What is p(4)?
-152
Let n(j) = 4*j**2 + 217*j + 1936. Give n(-43).
1
Let k(t) = -31*t**2 - 1240*t + 9. Give k(-40).
9
Let b(u) = u**3 + 10*u**2 - 56*u - 586. Give b(-8).
-10
Let n(b) = 29*b - 948. Determine n(41).
241
Let x(u) = -208*u + 4723. What is x(22)?
147
Let z(d) = -3*d**2 + 60*d - 21. Calculate z(20).
-21
Let z(o) = -2*o**2 - 1885*o - 164019. Calculate z(-97).
8
Let c(r) = -r**2 - 68*r - 220. Determine c(-64).
36
Let n(f) = -94*f + 4402. What is n(47)?
-16
Let f(m) = -164*m - 162. What is f(-1)?
2
Let r(s) = -3*s**3 + 17*s**2 - 17*s + 135. Determine r(6).
-3
Let m(x) = -50*x**2 - 255*x - 753. Give m(-3).
-438
Let j(i) = 192*i + 3. Calculate j(2).
387
Let a(r) = -158*r - 44. Give a(3).
-518
Let v(m) = 212*m + 638. What is v(-3)?
2
Let z(s) = 4*s**2 + 9*s - 11. Calculate z(-8).
173
Let y(r) = 20861*r + 104304. What is y(-5)?
-1
Let u(f) = f**3 + 4*f**2 - f + 14. Determine u(0).
14
Let x(z) = 244*z + 3877. Calculate x(-16).
-27
Let u(q) = -109*q - 423. Calculate u(-4).
13
Let g(w) = w**2 + 47*w + 447. Calculate g(-15).
-33
Let j(t) = -79*t + 1038. What is j(13)?
11
Let v(g) = 108*g - 418. Give v(4).
14
Let n(t) = -t**3 + 15*t**2 - 36*t + 85. Give n(13).
-45
Let l(u) = 5*u**2 + 91*u + 481. Calculate l(-10).
7